ors of 6567306591.
3, 863, 1187, 2137
List the prime factors of 141615723.
3, 307, 153763
What are the prime factors of 1543470959?
23, 467, 143699
List the prime factors of 193615938.
2, 3, 10756441
List the prime factors of 334966638.
2, 3, 41, 179, 7607
List the prime factors of 6326315954.
2, 7, 29, 15582059
What are the prime factors of 87868506?
2, 3, 11, 127, 953
List the prime factors of 1118326080.
2, 3, 5, 229, 5087
List the prime factors of 6508079626.
2, 3254039813
List the prime factors of 21231968.
2, 19, 47, 743
List the prime factors of 5178805.
5, 1035761
What are the prime factors of 1224847126?
2, 79, 7752197
What are the prime factors of 17728533?
3, 89, 22133
What are the prime factors of 72235927?
293, 246539
List the prime factors of 100605168.
2, 3, 31, 727
What are the prime factors of 1295294634?
2, 3, 17, 23, 184043
List the prime factors of 194458880.
2, 5, 7, 11, 1973
What are the prime factors of 5473604981?
13, 79, 701, 7603
List the prime factors of 92816575.
5, 43, 86341
List the prime factors of 28094389.
41, 641, 1069
What are the prime factors of 1274002568?
2, 23, 61, 223, 509
What are the prime factors of 1369965837?
3, 17489, 26111
What are the prime factors of 52760612?
2, 13190153
What are the prime factors of 64906868?
2, 13, 1248209
List the prime factors of 178126038.
2, 3, 43, 230137
List the prime factors of 210276210.
2, 3, 5, 479, 14633
List the prime factors of 4830232592.
2, 19, 53, 349, 859
List the prime factors of 822663242.
2, 29, 14183849
List the prime factors of 69510488.
2, 2833, 3067
List the prime factors of 25747659.
3, 7, 59, 2309
What are the prime factors of 65813607?
3, 43, 56687
List the prime factors of 339184690.
2, 5, 13, 419, 479
What are the prime factors of 2021147704?
2, 5417, 46639
List the prime factors of 173371866.
2, 3, 103, 280537
List the prime factors of 127822263.
3, 2521, 16901
List the prime factors of 68981829.
3, 7, 137, 23977
List the prime factors of 123706957.
11, 31, 199, 1823
What are the prime factors of 8140761367?
67, 73, 1664437
What are the prime factors of 469379213?
469379213
What are the prime factors of 136511374?
2, 68255687
What are the prime factors of 3565032754?
2, 101, 443, 39839
What are the prime factors of 829034209?
31, 73, 366343
What are the prime factors of 1224657913?
71, 541, 31883
What are the prime factors of 38995107?
3, 12998369
What are the prime factors of 13783342?
2, 1511, 4561
What are the prime factors of 401505501?
3, 1907, 70181
List the prime factors of 2341088048.
2, 13, 47, 109
List the prime factors of 221147.
281, 787
List the prime factors of 65325444.
2, 3, 109, 49943
What are the prime factors of 235956215?
5, 11, 37, 47, 2467
What are the prime factors of 4785257588?
2, 31, 101, 382087
List the prime factors of 64457439.
3, 21485813
What are the prime factors of 596443446?
2, 3, 11045249
What are the prime factors of 10358607?
3, 7, 103, 4789
List the prime factors of 1184383395.
3, 5, 13, 2024587
List the prime factors of 1727420424.
2, 3, 43, 1673857
What are the prime factors of 7121162945?
5, 13, 53, 2067101
What are the prime factors of 2581648817?
11, 29, 9623
What are the prime factors of 198276559?
13, 17, 109, 8231
What are the prime factors of 802996963?
802996963
List the prime factors of 3062039939.
7, 62490611
What are the prime factors of 29873118?
2, 3, 11, 263, 1721
List the prime factors of 947959916.
2, 17, 13940587
List the prime factors of 434506480.
2, 5, 5431331
List the prime factors of 167745933.
3, 107, 373, 467
What are the prime factors of 43766147?
41, 1067467
What are the prime factors of 95067159?
3, 11, 101, 2593
What are the prime factors of 3196578844?
2, 67, 11927533
What are the prime factors of 86224324?
2, 487, 44263
What are the prime factors of 1866640235?
5, 317, 547, 2153
List the prime factors of 175224759.
3, 58408253
List the prime factors of 39737981.
107, 371383
What are the prime factors of 3369859?
17, 19, 10433
What are the prime factors of 10114934?
2, 5057467
What are the prime factors of 32374564?
2, 8093641
List the prime factors of 21152473.
563, 37571
What are the prime factors of 84386075?
5, 787, 4289
What are the prime factors of 1731929228?
2, 17203, 25169
List the prime factors of 369811242.
2, 3, 487, 42187
List the prime factors of 1220148409.
3329, 366521
List the prime factors of 1948564448.
2, 37, 1645747
What are the prime factors of 757641966?
2, 3, 3137, 40253
List the prime factors of 200266514.
2, 7, 2129, 6719
List the prime factors of 276945182.
2, 138472591
List the prime factors of 1592995622.
2, 1619, 491969
List the prime factors of 39749049.
3, 41, 11969
What are the prime factors of 1413622084?
2, 7, 50486503
List the prime factors of 81916655.
5, 16383331
List the prime factors of 3294246379.
61, 54004039
What are the prime factors of 84584286?
2, 3, 127, 163, 227
List the prime factors of 20182661.
23, 59, 107, 139
What are the prime factors of 70038729?
3, 2594027
What are the prime factors of 300282207?
3, 331, 302399
What are the prime factors of 47664705?
3, 5, 11, 288877
What are the prime factors of 185044323?
3, 6211, 9931
List the prime factors of 116138551.
47, 2471033
List the prime factors of 3546764086.
2, 19, 9277, 10061
What are the prime factors of 15685933?
53, 295961
List the prime factors of 4234126196.
2, 31, 34146179
What are the prime factors of 37192795?
5, 647, 11497
What are the prime factors of 344554460?
2, 5, 31, 383, 1451
What are the prime factors of 29330009?
29330009
List the prime factors of 44665793.
23, 281, 6911
What are the prime factors of 6588810025?
5, 7, 19, 1981597
What are the prime factors of 1365953350?
2, 5, 27319067
What are the prime factors of 1663062976?
2, 37, 191, 3677
List the prime factors of 433843822.
2, 31, 83, 84307
What are the prime factors of 128284613?
41, 3128893
List the prime factors of 365514804.
2, 3, 23, 441443
What are the prime factors of 5692597?
5692597
List the prime factors of 2021340933.
3, 74864479
List the prime factors of 681348828.
2, 3, 101, 562169
List the prime factors of 3088898900.
2, 5, 31, 163, 6113
List the prime factors of 1247053160.
2, 5, 73, 427073
List the prime factors of 832432278.
2, 3, 138738713
List the prime factors of 274528839.
3, 13, 31, 17467
List the prime factors of 263506733.
7, 37643819
List the prime factors of 2782275579.
3, 1483, 208457
List the prime factors of 185412512.
2, 137, 42293
What are the prime factors of 30117979?
29, 977, 1063
What are the prime factors of 984230981?
5417, 181693
List the prime factors of 1423207558.
2, 59, 12061081
List the prime factors of 238827221.
59, 1997, 2027
What are the prime factors of 22403303?
13, 59, 29209
What are the prime factors of 379186999?
9859, 38461
What are the prime factors of 411969582?
2, 3, 1447, 15817
List the prime factors of 436455145.
5, 7, 37, 337031
List the prime factors of 41191108.
2, 7, 251, 5861
What are the prime factors of 168583718?
2, 41, 73, 28163
List the prime factors of 24067252.
2, 11, 97, 5639
List the prime factors of 481200452.
2, 61, 1972133
What are the prime factors of 8999358442?
2, 17, 23, 431, 26701
List the prime factors of 611586304.
2, 7, 341287
What are the prime factors of 79921538?
2, 743, 53783
What are the prime factors of 2430884199?
3, 810294733
What are the prime factors of 2578335667?
277, 317, 29363
What are the prime factors of 1019346801?
3, 11, 30889297
What are the prime factors of 786335567?
61, 769, 16763
List the prime factors of 105824224.
2, 11, 19, 15823
List the prime factors of 73602137.
7, 233, 45127
What are the prime factors of 19650692?
2, 4912673
List the prime factors of 74030.
2, 5, 11, 673
List the prime factors of 525093395.
5, 105018679
List the prime factors of 347879658.
2, 3, 7, 157, 52757
List the prime factors of 542188016.
2, 23, 31, 47527
List the prime factors of 93318000.
2, 3, 5, 103, 151
What are the prime factors of 421359517?
23, 18319979
List the prime factors of 4032313073.
61, 3823, 17291
What are the prime factors of 31705751?
7, 11, 41, 83
What are the prime factors of 55614538?
2, 7, 3972467
What are the prime factors of 188628392?
2, 23578549
List the prime factors of 373617033.
3,